{"id":736,"date":"2025-10-03T22:37:37","date_gmt":"2025-10-03T22:37:37","guid":{"rendered":"https:\/\/tybou.eu\/wordpress\/e-breizh\/?post_type=product&#038;p=736"},"modified":"2025-10-04T14:44:35","modified_gmt":"2025-10-04T14:44:35","slug":"disjoncteur-vynckier-32a","status":"publish","type":"product","link":"https:\/\/tybou.eu\/wordpress\/e-breizh\/product\/disjoncteur-vynckier-32a\/","title":{"rendered":"Disjoncteur Vynckier 32A"},"content":{"rendered":"<p>1 disjoncteur Vynckier 2 p\u00f4les pour la protection du r\u00e9seau \u00e9lectrique contre les surcharges et courts-circuits.<\/p>\n<p>Caract\u00e9ristiques<br \/>\n&#8211; Disjoncteur automatique 2 p\u00f4les<br \/>\n&#8211; Courant maximum de 32A<br \/>\n&#8211; Pour r\u00e9seaux 230V<br \/>\n&#8211; Pouvoir de coupure 3000A<br \/>\n&#8211; Norme CEBEC<br \/>\n&#8211; Marque Vynckier<br \/>\n&#8211; Mod\u00e8le : C32<br \/>\n&#8211; Type SERIES E<br \/>\n&#8211; Poids 0,2 kg<\/p>\n<p>Produit neuf ou d&rsquo;occasion, pouvant pr\u00e9senter quelques traces.<br \/>\nProvient de surplus ou retir\u00e9 d&rsquo;une installation en parfait \u00e9tat de fonctionnement.<br \/>\nUniquement en envoi via Mondial Relay ou BPost.<\/p>\n","protected":false},"excerpt":{"rendered":"<p>Disjoncteur double p\u00f4les Vynckier 230V CEBEC<br \/>\nAmp\u00e9rage 32A<\/p>\n","protected":false},"featured_media":738,"comment_status":"open","ping_status":"closed","template":"","meta":[],"product_brand":[],"product_cat":[76,35,18,26,87],"product_tag":[],"class_list":{"0":"post-736","1":"product","2":"type-product","3":"status-publish","4":"has-post-thumbnail","6":"product_cat-30ma","7":"product_cat-32a","8":"product_cat-a-bascule","9":"product_cat-plastique","10":"product_cat-vynckier","12":"first","13":"instock","14":"shipping-taxable","15":"purchasable","16":"product-type-simple"},"_links":{"self":[{"href":"https:\/\/tybou.eu\/wordpress\/e-breizh\/wp-json\/wp\/v2\/product\/736","targetHints":{"allow":["GET"]}}],"collection":[{"href":"https:\/\/tybou.eu\/wordpress\/e-breizh\/wp-json\/wp\/v2\/product"}],"about":[{"href":"https:\/\/tybou.eu\/wordpress\/e-breizh\/wp-json\/wp\/v2\/types\/product"}],"replies":[{"embeddable":true,"href":"https:\/\/tybou.eu\/wordpress\/e-breizh\/wp-json\/wp\/v2\/comments?post=736"}],"wp:featuredmedia":[{"embeddable":true,"href":"https:\/\/tybou.eu\/wordpress\/e-breizh\/wp-json\/wp\/v2\/media\/738"}],"wp:attachment":[{"href":"https:\/\/tybou.eu\/wordpress\/e-breizh\/wp-json\/wp\/v2\/media?parent=736"}],"wp:term":[{"taxonomy":"product_brand","embeddable":true,"href":"https:\/\/tybou.eu\/wordpress\/e-breizh\/wp-json\/wp\/v2\/product_brand?post=736"},{"taxonomy":"product_cat","embeddable":true,"href":"https:\/\/tybou.eu\/wordpress\/e-breizh\/wp-json\/wp\/v2\/product_cat?post=736"},{"taxonomy":"product_tag","embeddable":true,"href":"https:\/\/tybou.eu\/wordpress\/e-breizh\/wp-json\/wp\/v2\/product_tag?post=736"}],"curies":[{"name":"wp","href":"https:\/\/api.w.org\/{rel}","templated":true}]}}