{"id":653,"date":"2025-09-28T20:29:46","date_gmt":"2025-09-28T20:29:46","guid":{"rendered":"https:\/\/tybou.eu\/wordpress\/e-breizh\/?post_type=product&#038;p=653"},"modified":"2025-10-03T21:52:53","modified_gmt":"2025-10-03T21:52:53","slug":"fusible-dii-kii-pour-embase-e27","status":"publish","type":"product","link":"https:\/\/tybou.eu\/wordpress\/e-breizh\/product\/fusible-dii-kii-pour-embase-e27\/","title":{"rendered":"Fusible DII KII pour embase E27"},"content":{"rendered":"<p>1 fusible en c\u00e9ramique spirale DII KII en porcelaine CEBEC de protection du r\u00e9seau \u00e9lectrique contre les surcharges et les courts-circuits.<\/p>\n<p>Caract\u00e9ristiques<br \/>\n&#8211; Courant maximum 6A, 10A,\u00a0 ou 16A au choix<br \/>\n&#8211; Pour r\u00e9seaux 220V \u00e0 380V (max 500V)<br \/>\n&#8211; Pouvoir de coupure 50 KA<br \/>\n&#8211; Mati\u00e8re : C\u00e9ramique\/Porcelaine\/Fa\u00efence<br \/>\n&#8211; CEI 269-3-1<br \/>\n&#8211; Longueur : 50 mm<br \/>\n&#8211; Diam\u00e8tre corps : 22.5 mm<br \/>\n&#8211; Diam\u00e8tre extr\u00e9mit\u00e9 : 6mm pour le 6A, 8mm pour le 10A, 1cm pour le 16A.<br \/>\n&#8211; EAN : 3250614124372 (6A), <span class=\"c-attribute-grid-items__col-dd-inner\">3250614124389 (10A), 3250614124396 (16A)<\/span><br \/>\n&#8211; Marque : Siemens, Gardix, ABB, Legrand, 3F, Gardy, Stotz ou Vynckier,<br \/>\n&#8211; Poids 0,06 kg<\/p>\n<p>Certifi\u00e9 SGS-CEBEC<br \/>\nNombre de modules : 1<\/p>\n<p>Produit neuf ou d&rsquo;occasion, pouvant pr\u00e9senter quelques traces d&rsquo;utilisation.<br \/>\nProvient de surplus ou retir\u00e9 d&rsquo;une installation en parfait \u00e9tat de fonctionnement.<br \/>\nUniquement en envoi via Mondial Relay. Pas d&rsquo;enl\u00e8vement sur place.<\/p>\n","protected":false},"excerpt":{"rendered":"<p>1 fusible en c\u00e9ramique spirale DII KII en porcelaine CEBEC<\/p>\n","protected":false},"featured_media":659,"comment_status":"open","ping_status":"closed","template":"","meta":[],"product_brand":[],"product_cat":[31,32,29,25,69,83,19,42],"product_tag":[],"class_list":{"0":"post-653","1":"product","2":"type-product","3":"status-publish","4":"has-post-thumbnail","6":"product_cat-06a","7":"product_cat-10a","8":"product_cat-16a","9":"product_cat-ceramique-porcelaine","10":"product_cat-e27","11":"product_cat-eti","12":"product_cat-fusible","13":"product_cat-m7mm","15":"first","16":"instock","17":"shipping-taxable","18":"purchasable","19":"product-type-variable","20":"has-default-attributes"},"_links":{"self":[{"href":"https:\/\/tybou.eu\/wordpress\/e-breizh\/wp-json\/wp\/v2\/product\/653","targetHints":{"allow":["GET"]}}],"collection":[{"href":"https:\/\/tybou.eu\/wordpress\/e-breizh\/wp-json\/wp\/v2\/product"}],"about":[{"href":"https:\/\/tybou.eu\/wordpress\/e-breizh\/wp-json\/wp\/v2\/types\/product"}],"replies":[{"embeddable":true,"href":"https:\/\/tybou.eu\/wordpress\/e-breizh\/wp-json\/wp\/v2\/comments?post=653"}],"wp:featuredmedia":[{"embeddable":true,"href":"https:\/\/tybou.eu\/wordpress\/e-breizh\/wp-json\/wp\/v2\/media\/659"}],"wp:attachment":[{"href":"https:\/\/tybou.eu\/wordpress\/e-breizh\/wp-json\/wp\/v2\/media?parent=653"}],"wp:term":[{"taxonomy":"product_brand","embeddable":true,"href":"https:\/\/tybou.eu\/wordpress\/e-breizh\/wp-json\/wp\/v2\/product_brand?post=653"},{"taxonomy":"product_cat","embeddable":true,"href":"https:\/\/tybou.eu\/wordpress\/e-breizh\/wp-json\/wp\/v2\/product_cat?post=653"},{"taxonomy":"product_tag","embeddable":true,"href":"https:\/\/tybou.eu\/wordpress\/e-breizh\/wp-json\/wp\/v2\/product_tag?post=653"}],"curies":[{"name":"wp","href":"https:\/\/api.w.org\/{rel}","templated":true}]}}