{"id":646,"date":"2025-09-28T18:52:35","date_gmt":"2025-09-28T18:52:35","guid":{"rendered":"https:\/\/tybou.eu\/wordpress\/e-breizh\/?post_type=product&#038;p=646"},"modified":"2025-09-28T21:18:23","modified_gmt":"2025-09-28T21:18:23","slug":"tete-a-visser-pour-fusible-dt-ii-e27-avec-trou-de-controle","status":"publish","type":"product","link":"https:\/\/tybou.eu\/wordpress\/e-breizh\/product\/tete-a-visser-pour-fusible-dt-ii-e27-avec-trou-de-controle\/","title":{"rendered":"T\u00eate \u00e0 visser pour fusible DII KII E27 avec trou de contr\u00f4le"},"content":{"rendered":"<p>1 t\u00eate \u00e0 visser (ou bouchon \u00e0 vis) pour fusible DII DTII ou KII E27 avec trou de contr\u00f4le<\/p>\n<p>Cette t\u00eate est n\u00e9cessaire pour la fixation de fusibles DT2 ou K2 unipolaires de protection du r\u00e9seau \u00e9lectrique contre les surcharges et les courts-circuits.<br \/>\nPeut \u00eatre viss\u00e9 dans les embases E27.<br \/>\nPeut servir pour recevoir des fusibles c\u00e9ramiques DII\/DTII\/KII.<\/p>\n<p>Caract\u00e9ristiques<br \/>\n&#8211; Pour r\u00e9seaux jusqu&rsquo;\u00e0 500V<br \/>\n&#8211; Montage : sur embase E27<br \/>\n&#8211; Amp\u00e9rage : 25A max<br \/>\n&#8211; Couleur : Blanc<br \/>\n&#8211; Poids 50g<br \/>\n&#8211; Mati\u00e8re : C\u00e9ramique\/Porcelaine<br \/>\n&#8211; EAN : 3250614144899<br \/>\n&#8211; Ref : EN 60269-3<\/p>\n<p>Certifi\u00e9 CEBEC<br \/>\nNombre de modules : 1<\/p>\n<p>Produit neuf ou d&rsquo;occasion, pouvant pr\u00e9senter quelques traces.<br \/>\nProvient de surplus ou retir\u00e9 d&rsquo;une installation en parfait \u00e9tat de fonctionnement.<br \/>\nUniquement en envoi via Mondial Relay ou Colissimo. Pas d&rsquo;enl\u00e8vement sur place.<\/p>\n","protected":false},"excerpt":{"rendered":"<p>Une t\u00eate \u00e0 visser en c\u00e9ramique pour fusible DT II E27 avec trou de contr\u00f4le<\/p>\n","protected":false},"featured_media":651,"comment_status":"open","ping_status":"closed","template":"","meta":[],"product_brand":[],"product_cat":[25,69,24],"product_tag":[],"class_list":{"0":"post-646","1":"product","2":"type-product","3":"status-publish","4":"has-post-thumbnail","6":"product_cat-ceramique-porcelaine","7":"product_cat-e27","8":"product_cat-porte-fusible","10":"first","11":"instock","12":"shipping-taxable","13":"purchasable","14":"product-type-simple"},"_links":{"self":[{"href":"https:\/\/tybou.eu\/wordpress\/e-breizh\/wp-json\/wp\/v2\/product\/646","targetHints":{"allow":["GET"]}}],"collection":[{"href":"https:\/\/tybou.eu\/wordpress\/e-breizh\/wp-json\/wp\/v2\/product"}],"about":[{"href":"https:\/\/tybou.eu\/wordpress\/e-breizh\/wp-json\/wp\/v2\/types\/product"}],"replies":[{"embeddable":true,"href":"https:\/\/tybou.eu\/wordpress\/e-breizh\/wp-json\/wp\/v2\/comments?post=646"}],"wp:featuredmedia":[{"embeddable":true,"href":"https:\/\/tybou.eu\/wordpress\/e-breizh\/wp-json\/wp\/v2\/media\/651"}],"wp:attachment":[{"href":"https:\/\/tybou.eu\/wordpress\/e-breizh\/wp-json\/wp\/v2\/media?parent=646"}],"wp:term":[{"taxonomy":"product_brand","embeddable":true,"href":"https:\/\/tybou.eu\/wordpress\/e-breizh\/wp-json\/wp\/v2\/product_brand?post=646"},{"taxonomy":"product_cat","embeddable":true,"href":"https:\/\/tybou.eu\/wordpress\/e-breizh\/wp-json\/wp\/v2\/product_cat?post=646"},{"taxonomy":"product_tag","embeddable":true,"href":"https:\/\/tybou.eu\/wordpress\/e-breizh\/wp-json\/wp\/v2\/product_tag?post=646"}],"curies":[{"name":"wp","href":"https:\/\/api.w.org\/{rel}","templated":true}]}}

Tête à visser pour fusible DII KII E27 avec trou de contrôle

<p>1 tête à visser (ou bouchon à vis) pour fusible DII DTII ou KII E27 avec trou de contrôle</p>
<p>Cette tête est nécessaire pour la fixation de fusibles DT2 ou K2 unipolaires de protection du réseau électrique contre les surcharges et les courts-circuits.<br />
Peut être vissé dans les embases E27.<br />
Peut servir pour recevoir des fusibles céramiques DII/DTII/KII.</p>
<p>Caractéristiques<br />
&#8211; Pour réseaux jusqu&rsquo;à 500V<br />
&#8211; Montage : sur embase E27<br />
&#8211; Ampérage : 25A max<br />
&#8211; Couleur : Blanc<br />
&#8211; Poids 50g<br />
&#8211; Matière : Céramique/Porcelaine<br />
&#8211; EAN : 3250614144899<br />
&#8211; Ref : EN 60269-3</p>
<p>Certifié CEBEC<br />
Nombre de modules : 1</p>
<p>Produit neuf ou d&rsquo;occasion, pouvant présenter quelques traces.<br />
Provient de surplus ou retiré d&rsquo;une installation en parfait état de fonctionnement.<br />
Uniquement en envoi via Mondial Relay ou Colissimo. Pas d&rsquo;enlèvement sur place.</p>

<p>Une tête à visser en céramique pour fusible DT II E27 avec trou de contrôle</p>
